3. Suppose -j*k + k = -120. Suppose 0 = -0*i + 5*i - 80. Calculate the remainder when k is divided by i.
14
Let b = 30 - 36. Let d = -35 + 22. Calculate the remainder when 38 is divided by 0*(-2)/b - d.
12
Suppose -1 = 3*x - 4. Calculate the remainder when 16 is divided by -1*6/x*-1.
4
Let s(r) = 7*r - 3*r - 2*r. Suppose -2*u - 120 = -4*l, -5*l - u + 229 = 72. Calculate the remainder when l is divided by s(8).
15
Let k = 112 - -39. What is the remainder when k is divided by 51?
49
Suppose 3*b = 5*p + 17, -5*b = -p - p - 22. Suppose 4*y + 63 = 5*v, y - 57 = -5*v + 2*y. What is the remainder when v is divided by b?
3
Calculate the remainder when 5 - -1 - (-2 - (-1 - 3)) is divided by 1*1*-3*-1.
1
Let y = 123 + -73. What is the remainder when y is divided by 17?
16
Suppose 7*h - 7 - 98 = 0. Let s = 4 + 4. What is the remainder when h is divided by s?
7
Suppose -6*n = -2*n - 904. What is the remainder when n is divided by 12?
10
Suppose 0 = 3*s + 5*q - 146, 2*s - 4*q - 104 = 8. What is the remainder when 257 is divided by s?
49
Suppose -5*w = -3*y + 2, 0 = -4*y - 0*w - 3*w - 36. What is the remainder when (-3)/(-9)*(2 - -37) is divided by 100/12 + 2/y?
5
Let o(s) = 2*s**2 + 8*s + 2. Calculate the remainder when 6 is divided by o(-4).
0
Let t = -11 + 6. Let m = 58 - 35. What is the remainder when m is divided by (-24)/(-2)*(6 + t)?
11
Let m = 75 - 45. Let s(o) = 6*o - 9. Let g(a) = a**2 + 1. Let w(c) = g(c) + s(c). Calculate the remainder when m is divided by w(-8).
6
Calculate the remainder when 4/5 - 1274/(-70) is divided by 6.
1
Let h be (5 + -2 - -1)/1. Suppose 3*j + 14 = -4*q + 42, -4*q = -4*j. Suppose 5*r - j = -2*y, r - y + h = 9. What is the remainder when r is divided by 2?
0
Let v be 2/4 + 1/2. Let p(l) = 5*l**2 + v + l + l**3 + 5*l - 2*l**3. Calculate the remainder when p(5) is divided by 11.
9
Let w = -54 + 61. What is the remainder when w is divided by 5?
2
Let w be (-36)/(-30)*20/6. Suppose 0 = w*k - 6 - 14. Calculate the remainder when 12 is divided by k.
2
Let i(d) = d**2 + d - 1. Suppose -5*t = m - 4*m - 12, 2*m - 2 = 0. Calculate the remainder when t is divided by i(1).
0
Let y = 41 + -29. Suppose 3*b = -8*b + 385. What is the remainder when b is divided by y?
11
Suppose -207 = -3*d + 3*j, 4*d + 5*j + 13 = 253. What is the remainder when d is divided by 33?
32
Let g(x) = -x**3 + 4*x**2 + 4. Suppose 5*o - 4*b + 0*b = 50, 5*o = -b + 25. What is the remainder when o is divided by g(4)?
2
Let u be ((-6)/(-7))/(1/21). Let c = u + -2. Calculate the remainder when 45 is divided by c.
13
Let r(w) = -5*w**3 - 3*w**2 + w + 2. Let o be r(-2). Let p = o - 11. What is the remainder when 32 is divided by p?
15
Let d(o) = 5*o + 10. Calculate the remainder when 173 is divided by d(3).
23
Suppose -4*q = 4*r, r = 5*r - q - 20. Suppose -8 = -0*b - r*b. Suppose 30 = -b*w + 5*w. Calculate the remainder when w is divided by 4.
2
Let s be 10/35 - (-4)/(-14). Suppose -2*w + w = s. Suppose 1 = 2*g + 9, w = -2*f + g + 16. What is the remainder when 10 is divided by f?
4
Let s(g) = -g**3 - 7*g**2 - 5*g + 2. Let o be s(-4). Let l be 3/(-6)*o*1. Suppose 5*c - l = 47. Calculate the remainder when 23 is divided by c.
11
Let x = 13 + 13. What is the remainder when 77 is divided by x?
25
Let m(o) = -o**3 + 9*o**2 - 8*o + 4. Let a be (4 - 5)/(3/(-24)). Calculate the remainder when 6 is divided by m(a).
2
Let r(x) = -x**3 + x**2 - 2. Calculate the remainder when (0 - 2) + 2 - (12 + -41) is divided by r(-2).
9
Let x(m) = -m**2 + 18*m - 10. What is the remainder when x(15) is divided by 19?
16
Suppose 0 = -2*o - z + 82, 2*o + 2*z = -z + 74. What is the remainder when 85 is divided by o?
42
Let d(j) = 2*j**2 + 12*j - 37. Calculate the remainder when d(8) is divided by 47.
46
Suppose 11 = k - 4. Let i(a) = 31*a**2 + 4*a + 2. Let t be i(-3). Suppose -6*h = -t + 11. What is the remainder when h is divided by k?
13
Let z(s) = s**3 - s**2 - 5*s + 2. Suppose -1 = r + y + 2, -4*r = y - 3. What is the remainder when z(3) is divided by r?
1
Let p(d) = -d + 2. Let t be p(-3). Suppose -2 = -3*z - 11, -v - 6 = t*z. Let h = 1 + v. What is the remainder when 28 is divided by h?
8
Let r be (-6)/(-1)*(-26)/(-3). Suppose 3*x = -3*i - 93 - 12, 5*x - 29 = i. Let f = r + i. Calculate the remainder when f is divided by 10.
8
Let x = -35 + 52. Let n be 10/(-25) + (-54)/(-10). Suppose 4*o - n*r - 34 = 0, 0*r - 2 = -2*o - 5*r. Calculate the remainder when x is divided by o.
5
Let x(u) = 3*u + 9. Let d(b) = -2*b - 5. Let t(j) = 5*d(j) + 3*x(j). Calculate the remainder when 4 is divided by t(0).
0
Let c(h) = -h**2 + 9*h - 7. Let g = 335 + -308. Calculate the remainder when g is divided by c(7).
6
What is the remainder when ((-15)/(-12))/((-1)/(-20)) is divided by (-20)/(-3) + (-6)/(-18)?
4
Let j = 40 + -27. Calculate the remainder when j is divided by 8.
5
Let a = -27 - -45. Calculate the remainder when 35 is divided by a.
17
What is the remainder when (-8)/28 - (-662)/14 is divided by 24?
23
Suppose -94 = -0*l - l. What is the remainder when l is divided by 24?
22
Let t(h) = h**3 + 5*h**2 + 2*h + 6. Calculate the remainder when 231 is divided by t(-3).
15
Let z(w) be the first derivative of w**2 + 10*w - 1. Let r be z(-7). Calculate the remainder when 1 + 60 + 1 + r is divided by 15.
13
Let s(l) = -l**3 + 15*l**2 - 13*l - 13. Let g be s(13). Suppose -j = 3*j - 2*u - g, -107 = -3*j + 4*u. Calculate the remainder when j is divided by 11.
8
Suppose -8*c + 9*c = 88. Calculate the remainder when c is divided by 30.
28
Suppose -3*k + 44 = -2*f - 14, -5*k + 70 = 2*f. Calculate the remainder when 46 is divided by k.
14
Let a = -2 + 2. What is the remainder when 11 is divided by 5 + (-2 - (a + -1))?
3
Let u(q) be the third derivative of q**6/120 - q**5/10 + q**4/8 - q**3/2 - q**2. Let a(w) = w. Let d be a(6). What is the remainder when u(d) is divided by 8?
7
Suppose -4*c + 6*c = -4*q + 96, -2*c = q - 18. What is the remainder when q is divided by 14?
12
Let b = 44 + -38. What is the remainder when 11 is divided by b?
5
Let c = -21 - -23. Suppose 0 = r + 129 + 221. What is the remainder when 33 is divided by (-1)/c + r/(-20)?
16
Suppose 3*k - 72 = -0*k. Suppose 5*z - 3*z + 5*j - k = 0, -3*z - 2*j = -47. What is the remainder when z is divided by 10?
7
Let t = -33 - -105. What is the remainder when t is divided by 25?
22
Suppose 17 + 7 = 3*b. Let x = -1 + b. Suppose 5*k = -4*m + 69, -3*m - 10 = -k - 0*k. Calculate the remainder when k is divided by x.
6
Let n = 3 - 8. Let q(y) = y**3 + 6*y**2 + 4*y + 7. Suppose -d - 6*h + 23 = -h, -d = -3*h - 23. Calculate the remainder when d is divided by q(n).
11
Let o be 194/8 + (-9)/(-12). Calculate the remainder when o - (-1 + 2 - 1) is divided by 9.
7
Let z = -20 + 29. What is the remainder when z is divided by 3?
0
Suppose 34*a - 30 = 29*a. Calculate the remainder when 20 is divided by a.
2
Suppose -66 = -5*p - 4*f, -4*p + f = 2*f - 55. What is the remainder when 52 is divided by p?
10
Let f(x) = x**3 + 5*x**2 - 4. Let s be f(-4). Let k(z) = 0*z + s*z + 10 - 11. What is the remainder when k(3) is divided by 12?
11
Let u = 5 - 3. Suppose -x - 6 = -2, u*x = -2*h. Let l = -3 - -9. Calculate the remainder when l is divided by h.
2
What is the remainder when 59 is divided by 315/10*(-6)/(-9)?
17
Suppose c + 0*b = -4*b - 1, 3*c = 4*b + 13. Suppose c*y - 60 = -y. Calculate the remainder when y is divided by 9.
6
Let x = -41 - -83. What is the remainder when x is divided by 11?
9
Suppose 0 = -2*r + 8, 3*p - 131 + 45 = -5*r. Suppose a + 0*a - 15 = -j, 5*j = 5*a + 45. What is the remainder when p is divided by j?
10
Let d be 11 + 2/((-3)/3). Suppose -4*n = -n - d. Calculate the remainder when n/(3/19)*2 is divided by 13.
12
Let t(y) = 2*y - 5. Calculate the remainder when 13 is divided by t(6).
6
Let f = 115 - 42. Calculate the remainder when f is divided by 37.
36
Let f(p) = 3*p + 25. Suppose -3*r = 2*r + b - 58, r - b = 14. Calculate the remainder when r is divided by f(-6).
5
Let k(r) = 2*r - 3. Suppose 0 = -0*g - 3*g + 24. Calculate the remainder when g is divided by k(4).
3
Let x(h) = h**2 + 2*h - 3. Let i be x(2). Suppose 0 = -5*w + 5*p + 300, 0 = 3*w - 4*w - i*p + 54. Calculate the remainder when w is divided by 15.
14
Let v(t) = t**3 + 12*t**2 + 10*t - 5. Le